{"id":93,"date":"2022-12-27T09:29:58","date_gmt":"2022-12-27T09:29:58","guid":{"rendered":"https:\/\/harmonie-orte.brandan.ch\/?page_id=93"},"modified":"2024-06-18T16:01:04","modified_gmt":"2024-06-18T16:01:04","slug":"wohnungsgestaltung","status":"publish","type":"page","link":"https:\/\/harmonie-orte.brandan.ch\/?page_id=93","title":{"rendered":"Wohnungsgestaltung"},"content":{"rendered":"<h1><img loading=\"lazy\" decoding=\"async\" class=\"alignleft\" src=\"https:\/\/brandan.ch\/harmonie_orte\/slider_raum.png\" width=\"400\" height=\"148\" \/>Feng Shui &#8211; Energetische Wohnungsgestaltung<\/h1>\n<p>&nbsp;<\/p>\n<p>&#8222;My Home is my castle&#8220;. Die energetische Unterst\u00fctzung hilft, aus deiner Wohnung oder deinem Haus einen harmonischen Lebensraum f\u00fcr alle Bewohner zu gestalten.<\/p>\n<p>&nbsp;<\/p>\n<p>In Wohnungen kommt es oft vor, dass vorherige Bewohner oder Benutzer ihre Spuren im Energiegef\u00fcge hinterlassen haben. Alte Erinnerungen, Streit und \u00c4ngste k\u00f6nnen sich darin abgebildet haben und die Bewohner unbewusst beeinflussen. Ebenso hinterlassen vorherige Nutzungen ihre Spuren. Die R\u00e4ume f\u00fchlen sich dann oft so an, wie wenn die vorherige Nutzung noch stattfinden w\u00fcrde. Als Beispiel: Bei Umnutzungen von alten B\u00fcro- oder Indusriegeb\u00e4uden in Wohnungen f\u00fchlen sich die Wohnungen oft immer noch so an wie Industrier\u00e4ume.<\/p>\n<p>&nbsp;<\/p>\n<p>Damit der Fluss in deiner Wohnung den Bewohnern entspricht und sie unterst\u00fctzt kann <a href=\"https:\/\/harmonie-orte.brandan.ch\/?p=34\">Feng Shui<\/a> helfen. Es kann R\u00e4ume von alten Einfl\u00fcssen befreien, ein bestehendes Ungleichwicht balancieren und die Energiefl\u00fcsse den aktuellen Bewohnern anpassen. Dies kann erleichtern, dass die Bewohner sich selbst leben und ihre Ziele, wie z.B.Gemeinschaft, Lebendigkeit, spirituelles Wachstum oder andere mit mehr Leichtigkeit erreichen.<\/p>\n<p>&nbsp;<\/p>\n<p>Mit Raum-Akupunktur-Feng Shui l\u00e4sst sich das Wohlf\u00fchlen und die gef\u00fchlte Harmonie optimieren ohne dass eine Ver\u00e4nderung der R\u00e4ume n\u00f6tig ist. Mehr zum Feng Shui erf\u00e4hrst Du <a href=\"https:\/\/harmonie-orte.brandan.ch\/?p=34\">hier<\/a>.<\/p>\n<p>&nbsp;<\/p>\n<p>Preise<\/p>\n<p>Wohnr\u00e4ume 15.&#8211; \/ m2, G\u00e4rten im Rahmen der Raum-Akupunktur 5.&#8211; \/ m2<\/p>\n","protected":false},"excerpt":{"rendered":"<p>Feng Shui &#8211; Energetische Wohnungsgestaltung &nbsp; &#8222;My Home is my castle&#8220;. Die energetische Unterst\u00fctzung hilft, aus deiner Wohnung oder deinem Haus einen harmonischen Lebensraum f\u00fcr alle Bewohner zu gestalten. &nbsp; In Wohnungen kommt es oft vor, dass vorherige Bewohner oder Benutzer ihre Spuren im Energiegef\u00fcge hinterlassen haben. Alte Erinnerungen, Streit&#8230;<\/p>\n<p class=\"continue-reading-button\"> <a class=\"continue-reading-link\" href=\"https:\/\/harmonie-orte.brandan.ch\/?page_id=93\">Weiter lesen<i class=\"crycon-right-dir\"><\/i><\/a><\/p>\n","protected":false},"author":1,"featured_media":189,"parent":0,"menu_order":0,"comment_status":"closed","ping_status":"closed","template":"","meta":{"footnotes":""},"class_list":["post-93","page","type-page","status-publish","has-post-thumbnail","hentry"],"_links":{"self":[{"href":"https:\/\/harmonie-orte.brandan.ch\/index.php?rest_route=\/wp\/v2\/pages\/93","targetHints":{"allow":["GET"]}}],"collection":[{"href":"https:\/\/harmonie-orte.brandan.ch\/index.php?rest_route=\/wp\/v2\/pages"}],"about":[{"href":"https:\/\/harmonie-orte.brandan.ch\/index.php?rest_route=\/wp\/v2\/types\/page"}],"author":[{"embeddable":true,"href":"https:\/\/harmonie-orte.brandan.ch\/index.php?rest_route=\/wp\/v2\/users\/1"}],"replies":[{"embeddable":true,"href":"https:\/\/harmonie-orte.brandan.ch\/index.php?rest_route=%2Fwp%2Fv2%2Fcomments&post=93"}],"version-history":[{"count":17,"href":"https:\/\/harmonie-orte.brandan.ch\/index.php?rest_route=\/wp\/v2\/pages\/93\/revisions"}],"predecessor-version":[{"id":117,"href":"https:\/\/harmonie-orte.brandan.ch\/index.php?rest_route=\/wp\/v2\/pages\/93\/revisions\/117"}],"wp:featuredmedia":[{"embeddable":true,"href":"https:\/\/harmonie-orte.brandan.ch\/index.php?rest_route=\/wp\/v2\/media\/189"}],"wp:attachment":[{"href":"https:\/\/harmonie-orte.brandan.ch\/index.php?rest_route=%2Fwp%2Fv2%2Fmedia&parent=93"}],"curies":[{"name":"wp","href":"https:\/\/api.w.org\/{rel}","templated":true}]}}