{"id":87,"date":"2022-12-27T09:27:29","date_gmt":"2022-12-27T09:27:29","guid":{"rendered":"https:\/\/harmonie-orte.brandan.ch\/?page_id=87"},"modified":"2024-06-18T16:03:28","modified_gmt":"2024-06-18T16:03:28","slug":"geschaeftsraeume","status":"publish","type":"page","link":"https:\/\/harmonie-orte.brandan.ch\/?page_id=87","title":{"rendered":"Gesch\u00e4ftsr\u00e4ume"},"content":{"rendered":"<h1><img loading=\"lazy\" decoding=\"async\" class=\"alignleft\" src=\"https:\/\/brandan.ch\/harmonie_orte\/slider_geschaeft.png\" width=\"400\" height=\"148\" \/>Energetische Gesch\u00e4ftsr\u00e4ume<\/h1>\n<p>&nbsp;<\/p>\n<p>Die Ausstrahlung von Gesch\u00e4ftsr\u00e4umen wirkt unbewusst auf das Wohlf\u00fchlen von Mitarbeitern und Kunden. Dieses Wohlf\u00fchlen wirkt auf das Arbeitsklima und die Kauflust der Menschen.<\/p>\n<p>&nbsp;<\/p>\n<p><a href=\"https:\/\/harmonie-orte.brandan.ch\/?p=34\">Feng Shui<\/a> optimiert diese Ausstrahlung und unters\u00fctzt das Wohlf\u00fchlen. Es erleichtert die harmonische Zusammenarbeit und hilft, Reibungsverluste zu vermindern. Das allgemeine Wohlf\u00fchlen kann sich positiv auf die Gesundheit der Mitarbeiter, die Kauflust oder die Verweildauer von Kunden auswirken.<\/p>\n<p>&nbsp;<\/p>\n<p>In meiner Gesch\u00e4ftsleitungs-T\u00e4tigkeit als Leiter Controlling habe ich (Brandan) oft unerkl\u00e4rliche Reibungsverluste feststellen m\u00fcssen. Sie entstanden dadurch dass sich Mitarbeiter und Kunden unbewusst unwohl f\u00fchlten, Spannungen aufbauten und die Abl\u00e4ufe oder die Kommunikation schlechter funktionierten oder die Kauflust oder Verweildauer beeintr\u00e4chtigten. Sie waren meist auf die Ausstrahlung der Gesch\u00e4ftsr\u00e4ume zur\u00fcck zu f\u00fchren, weil sich Mitarbeiter und Kunden unbewusst nicht richtig wohl f\u00fchlten.<\/p>\n<p>&nbsp;<\/p>\n<p>Mit Raum-Akupunktur Feng Shui wird dieses unbewusste Wohlf\u00fchlen optimiert und die Harmonie zwischen den Menschen kann erh\u00f6ht werden. Diese Harmonie wirkt sich positiv auf die Zusammenarbeit und das Kundenverhalten aus.<\/p>\n<p>&nbsp;<\/p>\n<p>&nbsp;<\/p>\n<h5>Beispiel Internet Cafe<\/h5>\n<p>Nach dem Raum-Akupunktur-Feng Shui erh\u00f6hte sich die Verweildauer von einem Tag auf den anderen um 30 %.<\/p>\n<p>&nbsp;<\/p>\n<h5>Beispiel Treuhans\/Steuerberatung<\/h5>\n<p>Das Arbeitsklima wurde viel menschlicher. Die Kunden fassten dadurch mehr Vertrauen und die Weiterempfehlungen stiegen stark an.<\/p>\n<p>&nbsp;<\/p>\n<h4>Preise<\/h4>\n<p>Gesch\u00e4ftsr\u00e4ume 15.&#8211; \/ m2<\/p>\n<p>&nbsp;<\/p>\n","protected":false},"excerpt":{"rendered":"<p>Energetische Gesch\u00e4ftsr\u00e4ume &nbsp; Die Ausstrahlung von Gesch\u00e4ftsr\u00e4umen wirkt unbewusst auf das Wohlf\u00fchlen von Mitarbeitern und Kunden. Dieses Wohlf\u00fchlen wirkt auf das Arbeitsklima und die Kauflust der Menschen. &nbsp; Feng Shui optimiert diese Ausstrahlung und unters\u00fctzt das Wohlf\u00fchlen. Es erleichtert die harmonische Zusammenarbeit und hilft, Reibungsverluste zu vermindern. Das allgemeine Wohlf\u00fchlen&#8230;<\/p>\n<p class=\"continue-reading-button\"> <a class=\"continue-reading-link\" href=\"https:\/\/harmonie-orte.brandan.ch\/?page_id=87\">Weiter lesen<i class=\"crycon-right-dir\"><\/i><\/a><\/p>\n","protected":false},"author":1,"featured_media":185,"parent":0,"menu_order":0,"comment_status":"closed","ping_status":"closed","template":"","meta":{"footnotes":""},"class_list":["post-87","page","type-page","status-publish","has-post-thumbnail","hentry"],"_links":{"self":[{"href":"https:\/\/harmonie-orte.brandan.ch\/index.php?rest_route=\/wp\/v2\/pages\/87","targetHints":{"allow":["GET"]}}],"collection":[{"href":"https:\/\/harmonie-orte.brandan.ch\/index.php?rest_route=\/wp\/v2\/pages"}],"about":[{"href":"https:\/\/harmonie-orte.brandan.ch\/index.php?rest_route=\/wp\/v2\/types\/page"}],"author":[{"embeddable":true,"href":"https:\/\/harmonie-orte.brandan.ch\/index.php?rest_route=\/wp\/v2\/users\/1"}],"replies":[{"embeddable":true,"href":"https:\/\/harmonie-orte.brandan.ch\/index.php?rest_route=%2Fwp%2Fv2%2Fcomments&post=87"}],"version-history":[{"count":12,"href":"https:\/\/harmonie-orte.brandan.ch\/index.php?rest_route=\/wp\/v2\/pages\/87\/revisions"}],"predecessor-version":[{"id":216,"href":"https:\/\/harmonie-orte.brandan.ch\/index.php?rest_route=\/wp\/v2\/pages\/87\/revisions\/216"}],"wp:featuredmedia":[{"embeddable":true,"href":"https:\/\/harmonie-orte.brandan.ch\/index.php?rest_route=\/wp\/v2\/media\/185"}],"wp:attachment":[{"href":"https:\/\/harmonie-orte.brandan.ch\/index.php?rest_route=%2Fwp%2Fv2%2Fmedia&parent=87"}],"curies":[{"name":"wp","href":"https:\/\/api.w.org\/{rel}","templated":true}]}}