{"id":60,"date":"2022-12-27T04:58:27","date_gmt":"2022-12-27T04:58:27","guid":{"rendered":"https:\/\/harmonie-orte.brandan.ch\/?page_id=60"},"modified":"2024-06-18T16:04:03","modified_gmt":"2024-06-18T16:04:03","slug":"bauernhof","status":"publish","type":"page","link":"https:\/\/harmonie-orte.brandan.ch\/?page_id=60","title":{"rendered":"Bauernhof"},"content":{"rendered":"<h1><img loading=\"lazy\" decoding=\"async\" class=\"alignleft\" src=\"https:\/\/brandan.ch\/harmonie_orte\/slider_bauernhof.png\" width=\"397\" height=\"147\" \/>Energetischer Bauernhof<\/h1>\n<p>&nbsp;<\/p>\n<p>Die energetische Harmonie in deinem Bauernhof f\u00f6rdert die Zufriedenheit und Gesundheit der Tiere und wirkt sich positiv auf den N\u00e4hrwert von Pflanzen aus.<\/p>\n<p>&nbsp;<\/p>\n<p>Gl\u00fcckliche Tiere und Pflanzen haben eine positive Ausstrahlung auf Menschen und Tiere. Die Harmonie in den Energiefl\u00fcssen f\u00f6rdert die innere Qualit\u00e4t der angebauten <a href=\"https:\/\/harmonie-orte.brandan.ch\/?p=44\">Nahrungsmittel<\/a> und die innere Qualit\u00e4t des Fleisches.<\/p>\n<p>&nbsp;<\/p>\n<p>Die <a href=\"https:\/\/harmonie-orte.brandan.ch\/?p=46\">Erde<\/a> ist von einem Energetischen Netz aus verschiedenen Energiebahnen umgeben. Es ist vergleichbar mit dem Meridiansystem bei Menschen welches aus der Alternativmedizin bekannt ist. In diesen Energienetz der Erde sind oft St\u00f6rungen und Blockaden vorhanden. Sie k\u00f6nnen verschiedene Ursachen haben &#8211; Kriege, Streitereien, Unf\u00e4lle uvm. Sie speichern sich im Energienetz und dar\u00fcber speichern sie sich in den Pflanzen. So k\u00f6nnen sich \u00c4ngste oder Traumatisierungen in der inneren Qualit\u00e4t der Pflanzen speichern.<\/p>\n<p>&nbsp;<\/p>\n<p>Die Reinigung und Harmonisierung dieser Energiefl\u00fcsse wirkt sich positiv auf die <a href=\"https:\/\/harmonie-orte.brandan.ch\/?p=44\">innere Qualit\u00e4t der Pflanzen<\/a> aus. Oft st\u00e4rkt sie den Boden, die Erde und unterst\u00fctzen das Wachstum der Pflanzen. Die Tiere, die sich auf diesen Grundst\u00fccken aufhalten, werden in ihrem gl\u00fccklich sein unterst\u00fctzt. Meist wirkt sich dies positiv auf ihre Gesundheit aus. Die Produkte aus der Tierhaltung und die Pflanzen k\u00f6nnen geschmackvoller werden und besser vom menschlichen Organismus aufgenommen und verarbeitet werden.<\/p>\n<p>&nbsp;<\/p>\n<h4>Das Feedback einer B\u00e4uerin<\/h4>\n<p>&nbsp;<\/p>\n<p>Nach der energetischen Reinigung hatten wir im Vergleich zum Umfeld ca. 30 % weniger Krankheitsf\u00e4lle und wesentlich weniger Medikamenteneinsatz bei unseren Tieren. Die Menschen die uns besuchten, f\u00fchlten sich so wohl, dass sie nicht mehr gehen wollten.<\/p>\n<p>&nbsp;<\/p>\n<h4>Preise<\/h4>\n<p>Individuelle Vereinbarung<\/p>\n<p>&nbsp;<\/p>\n<p>&nbsp;<\/p>\n","protected":false},"excerpt":{"rendered":"<p>Energetischer Bauernhof &nbsp; Die energetische Harmonie in deinem Bauernhof f\u00f6rdert die Zufriedenheit und Gesundheit der Tiere und wirkt sich positiv auf den N\u00e4hrwert von Pflanzen aus. &nbsp; Gl\u00fcckliche Tiere und Pflanzen haben eine positive Ausstrahlung auf Menschen und Tiere. Die Harmonie in den Energiefl\u00fcssen f\u00f6rdert die innere Qualit\u00e4t der angebauten&#8230;<\/p>\n<p class=\"continue-reading-button\"> <a class=\"continue-reading-link\" href=\"https:\/\/harmonie-orte.brandan.ch\/?page_id=60\">Weiter lesen<i class=\"crycon-right-dir\"><\/i><\/a><\/p>\n","protected":false},"author":1,"featured_media":186,"parent":0,"menu_order":0,"comment_status":"closed","ping_status":"closed","template":"","meta":{"footnotes":""},"class_list":["post-60","page","type-page","status-publish","has-post-thumbnail","hentry"],"_links":{"self":[{"href":"https:\/\/harmonie-orte.brandan.ch\/index.php?rest_route=\/wp\/v2\/pages\/60","targetHints":{"allow":["GET"]}}],"collection":[{"href":"https:\/\/harmonie-orte.brandan.ch\/index.php?rest_route=\/wp\/v2\/pages"}],"about":[{"href":"https:\/\/harmonie-orte.brandan.ch\/index.php?rest_route=\/wp\/v2\/types\/page"}],"author":[{"embeddable":true,"href":"https:\/\/harmonie-orte.brandan.ch\/index.php?rest_route=\/wp\/v2\/users\/1"}],"replies":[{"embeddable":true,"href":"https:\/\/harmonie-orte.brandan.ch\/index.php?rest_route=%2Fwp%2Fv2%2Fcomments&post=60"}],"version-history":[{"count":14,"href":"https:\/\/harmonie-orte.brandan.ch\/index.php?rest_route=\/wp\/v2\/pages\/60\/revisions"}],"predecessor-version":[{"id":217,"href":"https:\/\/harmonie-orte.brandan.ch\/index.php?rest_route=\/wp\/v2\/pages\/60\/revisions\/217"}],"wp:featuredmedia":[{"embeddable":true,"href":"https:\/\/harmonie-orte.brandan.ch\/index.php?rest_route=\/wp\/v2\/media\/186"}],"wp:attachment":[{"href":"https:\/\/harmonie-orte.brandan.ch\/index.php?rest_route=%2Fwp%2Fv2%2Fmedia&parent=60"}],"curies":[{"name":"wp","href":"https:\/\/api.w.org\/{rel}","templated":true}]}}